{"id":96,"date":"2021-06-08T10:25:31","date_gmt":"2021-06-08T10:25:31","guid":{"rendered":"https:\/\/test.vfbdw.de\/?page_id=96"},"modified":"2023-08-12T13:58:28","modified_gmt":"2023-08-12T14:58:28","slug":"home","status":"publish","type":"page","link":"https:\/\/euconev.de\/","title":{"rendered":"Home"},"content":{"rendered":"<p>[et_pb_section fb_built=&#8220;1&#8243; fullwidth=&#8220;on&#8220; admin_label=&#8220;Sektion&#8220; _builder_version=&#8220;4.16.1&#8243; _module_preset=&#8220;default&#8220; da_disable_devices=&#8220;off|off|off&#8220; global_colors_info=&#8220;{}&#8220; da_is_popup=&#8220;off&#8220; da_exit_intent=&#8220;off&#8220; da_has_close=&#8220;on&#8220; da_alt_close=&#8220;off&#8220; da_dark_close=&#8220;off&#8220; da_not_modal=&#8220;on&#8220; da_is_singular=&#8220;off&#8220; da_with_loader=&#8220;off&#8220; da_has_shadow=&#8220;on&#8220;][et_pb_fullwidth_image src=&#8220;https:\/\/euconev.de\/wp-content\/uploads\/2021\/06\/Eucon_Banner2.png&#8220; title_text=&#8220;Eucon_Banner2&#8243; _builder_version=&#8220;4.16&#8243; _module_preset=&#8220;default&#8220; global_colors_info=&#8220;{}&#8220;][\/et_pb_fullwidth_image][et_pb_fullwidth_header button_one_text=&#8220;Login&#8220; button_one_url=&#8220;#an&#8220; admin_label=&#8220;Vollbreite Kopfzeile&#8220; _builder_version=&#8220;4.16&#8243; _module_preset=&#8220;default&#8220; background_color=&#8220;RGBA(0,0,0,0)&#8220; transform_translate=&#8220;-28px|-61px&#8220; custom_margin=&#8220;-62px||-62px||true|false&#8220; custom_padding=&#8220;0px||59px||false|false&#8220; global_colors_info=&#8220;{}&#8220;][\/et_pb_fullwidth_header][\/et_pb_section][et_pb_section fb_built=&#8220;1&#8243; admin_label=&#8220;Popup &#8211; #an&#8220; module_id=&#8220;an&#8220; module_class=&#8220;popup&#8220; _builder_version=&#8220;4.16&#8243; _module_preset=&#8220;default&#8220; background_color=&#8220;RGBA(0,0,0,0)&#8220; min_height=&#8220;382.8px&#8220; da_is_popup=&#8220;on&#8220; da_popup_slug=&#8220;an&#8220; da_disable_devices=&#8220;off|off|off&#8220; global_colors_info=&#8220;{}&#8220; da_exit_intent=&#8220;off&#8220; da_has_close=&#8220;on&#8220; da_alt_close=&#8220;off&#8220; da_dark_close=&#8220;off&#8220; da_not_modal=&#8220;on&#8220; da_is_singular=&#8220;off&#8220; da_with_loader=&#8220;off&#8220; da_has_shadow=&#8220;on&#8220;][et_pb_row column_structure=&#8220;1_2,1_2&#8243; _builder_version=&#8220;4.16&#8243; _module_preset=&#8220;default&#8220; custom_padding=&#8220;|||90px||&#8220; global_colors_info=&#8220;{}&#8220;][et_pb_column type=&#8220;1_2&#8243; _builder_version=&#8220;4.16&#8243; _module_preset=&#8220;default&#8220; global_colors_info=&#8220;{}&#8220;][et_pb_login _builder_version=&#8220;4.16&#8243; _module_preset=&#8220;default&#8220; background_color=&#8220;#ffbf3e&#8220; width=&#8220;68.4%&#8220; global_colors_info=&#8220;{}&#8220;][\/et_pb_login][\/et_pb_column][et_pb_column type=&#8220;1_2&#8243; _builder_version=&#8220;4.16&#8243; _module_preset=&#8220;default&#8220; global_colors_info=&#8220;{}&#8220;][\/et_pb_column][\/et_pb_row][\/et_pb_section][et_pb_section fb_built=&#8220;1&#8243; _builder_version=&#8220;4.16&#8243; _module_preset=&#8220;default&#8220; custom_margin=&#8220;-48px||-107px||false|false&#8220; da_disable_devices=&#8220;off|off|off&#8220; global_colors_info=&#8220;{}&#8220; da_is_popup=&#8220;off&#8220; da_exit_intent=&#8220;off&#8220; da_has_close=&#8220;on&#8220; da_alt_close=&#8220;off&#8220; da_dark_close=&#8220;off&#8220; da_not_modal=&#8220;on&#8220; da_is_singular=&#8220;off&#8220; da_with_loader=&#8220;off&#8220; da_has_shadow=&#8220;on&#8220;][et_pb_row _builder_version=&#8220;4.16.1&#8243; _module_preset=&#8220;default&#8220; global_colors_info=&#8220;{}&#8220;][et_pb_column type=&#8220;4_4&#8243; _builder_version=&#8220;4.16.1&#8243; _module_preset=&#8220;default&#8220; global_colors_info=&#8220;{}&#8220;][et_pb_text _builder_version=&#8220;4.16.1&#8243; _module_preset=&#8220;default&#8220; global_colors_info=&#8220;{}&#8220;]<\/p>\n<p style=\"text-align: center;\"><span class=\"rTNyH RZQOk\">Photo by <a href=\"https:\/\/unsplash.com\/@reddalec?utm_source=unsplash&amp;utm_medium=referral&amp;utm_content=creditCopyText\">Redd<\/a> on <a href=\"https:\/\/unsplash.com\/s\/photos\/meeting?utm_source=unsplash&amp;utm_medium=referral&amp;utm_content=creditCopyText\">Unsplash<\/a><\/span><\/p>\n<p>[\/et_pb_text][\/et_pb_column][\/et_pb_row][\/et_pb_section][et_pb_section fb_built=&#8220;1&#8243; admin_label=&#8220;Sektion&#8220; _builder_version=&#8220;4.16&#8243; _module_preset=&#8220;default&#8220; min_height=&#8220;1460.8px&#8220; custom_margin=&#8220;||-160px||false|false&#8220; custom_padding=&#8220;180px|||||&#8220; da_disable_devices=&#8220;off|off|off&#8220; global_colors_info=&#8220;{}&#8220; da_is_popup=&#8220;off&#8220; da_exit_intent=&#8220;off&#8220; da_has_close=&#8220;on&#8220; da_alt_close=&#8220;off&#8220; da_dark_close=&#8220;off&#8220; da_not_modal=&#8220;on&#8220; da_is_singular=&#8220;off&#8220; da_with_loader=&#8220;off&#8220; da_has_shadow=&#8220;on&#8220;][et_pb_row column_structure=&#8220;1_2,1_2&#8243; _builder_version=&#8220;4.16&#8243; _module_preset=&#8220;default&#8220; custom_margin=&#8220;-120px||||false|false&#8220; custom_padding=&#8220;0px||0px||false|false&#8220; global_colors_info=&#8220;{}&#8220;][et_pb_column type=&#8220;1_2&#8243; _builder_version=&#8220;4.16&#8243; _module_preset=&#8220;default&#8220; global_colors_info=&#8220;{}&#8220;][et_pb_image src=&#8220;https:\/\/euconev.de\/wp-content\/uploads\/2022\/04\/eliott-reyna-jCEpN62oWL4-unsplash-scaled.jpg&#8220; title_text=&#8220;eliott-reyna-jCEpN62oWL4-unsplash&#8220; _builder_version=&#8220;4.16.1&#8243; _module_preset=&#8220;default&#8220; scroll_horizontal_motion=&#8220;0|20|90|100|2|0|-4&#8243; global_colors_info=&#8220;{}&#8220;][\/et_pb_image][\/et_pb_column][et_pb_column type=&#8220;1_2&#8243; _builder_version=&#8220;4.16&#8243; _module_preset=&#8220;default&#8220; global_colors_info=&#8220;{}&#8220;][et_pb_text _builder_version=&#8220;4.16&#8243; _module_preset=&#8220;default&#8220; transform_translate=&#8220;4px|106px&#8220; max_width=&#8220;100%&#8220; module_alignment=&#8220;center&#8220; custom_margin=&#8220;-104px||||false|false&#8220; animation_style=&#8220;slide&#8220; global_colors_info=&#8220;{}&#8220;]<\/p>\n<h2>Bildung f\u00fcr Alle<\/h2>\n<p>Bildung liegt uns besonders am Herzen und als Experten wissen wir um die Vera\u0308nderungen, die jetzt auf uns zu kommen. Unsere Bildungssysteme mu\u0308ssen sich o\u0308ffnen, wie alles sich o\u0308ffnen muss, um die Impulse von au\u00dfen aufzunehmen und mit der Welt au\u00dferhalb in einen konstruktiven und kontinuierlichen Austausch zu treten.<\/p>\n<p>Durch\u00a0 Austausch kann Neues entstehen.<\/p>\n<p>&nbsp;<\/p>\n<p>&nbsp;<\/p>\n<p>[\/et_pb_text][\/et_pb_column][\/et_pb_row][et_pb_row column_structure=&#8220;1_2,1_2&#8243; _builder_version=&#8220;4.16.1&#8243; _module_preset=&#8220;default&#8220; global_colors_info=&#8220;{}&#8220;][et_pb_column type=&#8220;1_2&#8243; _builder_version=&#8220;4.16.1&#8243; _module_preset=&#8220;default&#8220; global_colors_info=&#8220;{}&#8220;][et_pb_text _builder_version=&#8220;4.16.1&#8243; _module_preset=&#8220;default&#8220; global_colors_info=&#8220;{}&#8220;]<\/p>\n<p><span class=\"rTNyH RZQOk\">Photo by <a href=\"https:\/\/unsplash.com\/@brookecagle?utm_source=unsplash&amp;utm_medium=referral&amp;utm_content=creditCopyText\">Brooke Cagle<\/a> on <a href=\"https:\/\/unsplash.com\/s\/photos\/young-people?utm_source=unsplash&amp;utm_medium=referral&amp;utm_content=creditCopyText\">Unsplash<\/a><\/span><\/p>\n<p>[\/et_pb_text][\/et_pb_column][et_pb_column type=&#8220;1_2&#8243; _builder_version=&#8220;4.16.1&#8243; _module_preset=&#8220;default&#8220; global_colors_info=&#8220;{}&#8220;][\/et_pb_column][\/et_pb_row][et_pb_row _builder_version=&#8220;4.16&#8243; _module_preset=&#8220;default&#8220; global_colors_info=&#8220;{}&#8220;][et_pb_column type=&#8220;4_4&#8243; _builder_version=&#8220;4.16&#8243; _module_preset=&#8220;default&#8220; global_colors_info=&#8220;{}&#8220;][et_pb_text _builder_version=&#8220;4.16&#8243; _module_preset=&#8220;default&#8220; global_colors_info=&#8220;{}&#8220;][\/et_pb_text][\/et_pb_column][\/et_pb_row][et_pb_row column_structure=&#8220;1_2,1_2&#8243; _builder_version=&#8220;4.16&#8243; _module_preset=&#8220;default&#8220; global_colors_info=&#8220;{}&#8220;][et_pb_column type=&#8220;1_2&#8243; _builder_version=&#8220;4.16&#8243; _module_preset=&#8220;default&#8220; global_colors_info=&#8220;{}&#8220;][et_pb_text _builder_version=&#8220;4.16&#8243; _module_preset=&#8220;default&#8220; transform_scale=&#8220;104%|104%&#8220; transform_scale_linked=&#8220;off&#8220; transform_translate=&#8220;4px|6px&#8220; global_colors_info=&#8220;{}&#8220;]<\/p>\n<h2>Wir sind \u00fcberzeugt,<\/h2>\n<p>dass Bildungsgerechtigkeit und Chancengleichheit Voraussetzungen sind fu\u0308r die Teilhabe aller am gesellschaftlichen Leben und Wirken.<br \/>Die Digitalisierung, die eng einhergeht mit der Globalisierung und auch als 4. Industrielle Revolution bezeichnet wird, droht die Errungenschaften der westlichen Demokratien zu erschu\u0308ttern.<\/p>\n<p>Was wir brauchen, ist die gemeinsame Entwicklung positiver Visionen unseres zuku\u0308nftigen Zusammenlebens.<\/p>\n<p>Was wir jetzt aber auch brauchen sind Investitionen in die Bildung,<br \/>um alle mitzunehmen und den \u201edigital divide\u201c in unserer Gesellschaft zu veringern.<\/p>\n<p>Darum mo\u0308chten wir uns ku\u0308mmern.<\/p>\n<p>[\/et_pb_text][\/et_pb_column][et_pb_column type=&#8220;1_2&#8243; _builder_version=&#8220;4.16&#8243; _module_preset=&#8220;default&#8220; global_colors_info=&#8220;{}&#8220;][et_pb_image src=&#8220;https:\/\/euconev.de\/wp-content\/uploads\/2022\/04\/brooke-cagle-g1Kr4Ozfoac-unsplash-scaled.jpg&#8220; title_text=&#8220;brooke-cagle-g1Kr4Ozfoac-unsplash&#8220; _builder_version=&#8220;4.16.1&#8243; _module_preset=&#8220;default&#8220; global_colors_info=&#8220;{}&#8220;][\/et_pb_image][et_pb_text _builder_version=&#8220;4.16.1&#8243; _module_preset=&#8220;default&#8220; global_colors_info=&#8220;{}&#8220;]<\/p>\n<p><span class=\"rTNyH RZQOk\">Photo by <a href=\"https:\/\/unsplash.com\/@windows?utm_source=unsplash&amp;utm_medium=referral&amp;utm_content=creditCopyText\">Windows<\/a> on <a href=\"https:\/\/unsplash.com\/s\/photos\/person?utm_source=unsplash&amp;utm_medium=referral&amp;utm_content=creditCopyText\">Unsplash<\/a><\/span><\/p>\n<p>[\/et_pb_text][\/et_pb_column][\/et_pb_row][et_pb_row column_structure=&#8220;1_2,1_2&#8243; _builder_version=&#8220;4.16&#8243; _module_preset=&#8220;default&#8220; global_colors_info=&#8220;{}&#8220;][et_pb_column type=&#8220;1_2&#8243; _builder_version=&#8220;4.16&#8243; _module_preset=&#8220;default&#8220; global_colors_info=&#8220;{}&#8220;][et_pb_image src=&#8220;https:\/\/euconev.de\/wp-content\/uploads\/2021\/06\/virtual-conference-22.png&#8220; title_text=&#8220;virtual-conference-22&#8243; _builder_version=&#8220;4.22.0&#8243; _module_preset=&#8220;default&#8220; global_colors_info=&#8220;{}&#8220;][\/et_pb_image][\/et_pb_column][et_pb_column type=&#8220;1_2&#8243; _builder_version=&#8220;4.16&#8243; _module_preset=&#8220;default&#8220; global_colors_info=&#8220;{}&#8220;][et_pb_text _builder_version=&#8220;4.16&#8243; _module_preset=&#8220;default&#8220; global_colors_info=&#8220;{}&#8220;]<\/p>\n<h2>Lebensbegleitendes Lernen<\/h2>\n<p>Von dem Philosophen Karl Popper stammt der Satz &#8222;Es gibt kein Leben ohne Lernen&#8220;. Lernen ist nach Spitzer ein Grundbed\u00fcrfnis wie Essen und Trinken. Wir lernen demnach ohnehin unser ganzes Leben. Warum also wird lebenslanges oder Lebensbegleitendes Lernen heute so betont und hervorgehoben?<\/p>\n<p>Weil es dabei um das strukturierte Lernen geht, das Verarbeiten von Erfahrungen ebenso wie das Lernen in vorgegebenen Formen wie Kursen, Workshops oder Schulen.<\/p>\n<p>[\/et_pb_text][et_pb_button button_url=&#8220;@ET-DC@eyJkeW5hbWljIjp0cnVlLCJjb250ZW50IjoicG9zdF9saW5rX3VybF9wYWdlIiwic2V0dGluZ3MiOnsicG9zdF9pZCI6IjIzNzA5NyJ9fQ==@&#8220; button_text=&#8220;weiterlesen&#8230;&#8220; _builder_version=&#8220;4.13.0&#8243; _dynamic_attributes=&#8220;button_url&#8220; _module_preset=&#8220;default&#8220; custom_button=&#8220;on&#8220; button_text_color=&#8220;#FFFFFF&#8220; button_bg_color=&#8220;#ffbf3e&#8220; button_border_color=&#8220;#ffbf3e&#8220; button_border_radius=&#8220;18px&#8220; button_icon=&#8220;&#xe022;||divi||400&#8243; button_icon_color=&#8220;#ffffff&#8220; button_icon_placement=&#8220;left&#8220; custom_margin=&#8220;-20px|-9px||40px|false|false&#8220; global_module=&#8220;237337&#8243; saved_tabs=&#8220;all&#8220; global_colors_info=&#8220;{}&#8220;][\/et_pb_button][\/et_pb_column][\/et_pb_row][\/et_pb_section][et_pb_section fb_built=&#8220;1&#8243; _builder_version=&#8220;4.16&#8243; _module_preset=&#8220;default&#8220; custom_margin=&#8220;44px||||false|false&#8220; da_disable_devices=&#8220;off|off|off&#8220; global_colors_info=&#8220;{}&#8220; da_is_popup=&#8220;off&#8220; da_exit_intent=&#8220;off&#8220; da_has_close=&#8220;on&#8220; da_alt_close=&#8220;off&#8220; da_dark_close=&#8220;off&#8220; da_not_modal=&#8220;on&#8220; da_is_singular=&#8220;off&#8220; da_with_loader=&#8220;off&#8220; da_has_shadow=&#8220;on&#8220;][et_pb_row _builder_version=&#8220;4.16&#8243; _module_preset=&#8220;default&#8220; global_colors_info=&#8220;{}&#8220;][et_pb_column type=&#8220;4_4&#8243; _builder_version=&#8220;4.16&#8243; _module_preset=&#8220;default&#8220; global_colors_info=&#8220;{}&#8220;][et_pb_text _builder_version=&#8220;4.16&#8243; _module_preset=&#8220;default&#8220; global_colors_info=&#8220;{}&#8220;]<\/p>\n<h1 style=\"text-align: center;\">Unsere aktuellen Projekte<\/h1>\n<p>[\/et_pb_text][\/et_pb_column][\/et_pb_row][et_pb_row column_structure=&#8220;1_2,1_2&#8243; _builder_version=&#8220;4.16&#8243; _module_preset=&#8220;default&#8220; custom_margin=&#8220;-5px||-5px||true|false&#8220; custom_padding=&#8220;||75px||false|false&#8220; global_colors_info=&#8220;{}&#8220;][et_pb_column type=&#8220;1_2&#8243; _builder_version=&#8220;4.16&#8243; _module_preset=&#8220;default&#8220; global_colors_info=&#8220;{}&#8220;][lwp_divi_flipbox front_title=&#8220;LENE+&#8220; front_body=&#8220;<\/p>\n<p><strong>Learning Environments for NEET Entepreneurship <\/strong><span style=%22font-family: Verdana;%22><\/span><\/p>\n<p>&nbsp;<\/p>\n<p><span style=%22font-weight: 400; font-family: Verdana;%22><span style=%22color: #6f6b6b;%22><\/span><\/span><\/p>\n<p>&#8220; front_src=&#8220;https:\/\/euconev.de\/wp-content\/uploads\/2021\/06\/Bildschirmfoto-2021-06-16-um-11.29.34.png&#8220; front_background_color=&#8220;#00a0b9&#8243; back_title=&#8220;LENE+&#8220; back_body=&#8220;<\/p>\n<p>Eine genaue Beschreibung des Projekts finden sie hier.<\/p>\n<p>&#8220; button_text=&#8220;Projekt Beschreibung&#8220; button_url=&#8220;https:\/\/www.projekt-lene.eu\/&#8220; back_src=&#8220;https:\/\/euconev.de\/wp-content\/uploads\/2021\/06\/Bild_Ueber_uns.jpg&#8220; back_background_color=&#8220;#00a0b9&#8243; content_max_width=&#8220;604px&#8220; box_height=&#8220;447px&#8220; flip_card_3d_effect=&#8220;on&#8220; _builder_version=&#8220;4.22.0&#8243; _module_preset=&#8220;default&#8220; header-front_level=&#8220;h2&#8243; header-front_font=&#8220;Roboto|700|||||||&#8220; header-front_text_color=&#8220;#ffbf3e&#8220; header-front_font_size=&#8220;16px&#8220; header-back_level=&#8220;h2&#8243; header-back_font=&#8220;Poppins||||||||&#8220; header-back_text_color=&#8220;#ffbf3e&#8220; front-body_font=&#8220;Roboto||||||||&#8220; front-body_text_color=&#8220;#FFFFFF&#8220; front-body_line_height=&#8220;1em&#8220; back-body_font=&#8220;Roboto||||||||&#8220; back-body_text_color=&#8220;#FFFFFF&#8220; back-body_line_height=&#8220;1em&#8220; custom_button=&#8220;on&#8220; button_text_size=&#8220;12px&#8220; button_text_color=&#8220;#000000&#8243; button_bg_color=&#8220;#ffbf3e&#8220; button_border_width=&#8220;-1px&#8220; button_border_radius=&#8220;10px&#8220; button_letter_spacing=&#8220;0px&#8220; button_font=&#8220;Roboto||||||||&#8220; button_icon=&#8220;%%107%%&#8220; button_icon_color=&#8220;#000000&#8243; custom_margin=&#8220;0px||||false|false&#8220; custom_padding=&#8220;0px||||false|false&#8220; hover_enabled=&#8220;0&#8243; global_colors_info=&#8220;{}&#8220; sticky_enabled=&#8220;0&#8243;][\/lwp_divi_flipbox][\/et_pb_column][et_pb_column type=&#8220;1_2&#8243; _builder_version=&#8220;4.16&#8243; _module_preset=&#8220;default&#8220; global_colors_info=&#8220;{}&#8220;][lwp_divi_flipbox front_title=&#8220;Care International&#8220; front_body=&#8220;<\/p>\n<p>Eine Anzahl Gefl\u00fcchteter in Deutschland verf\u00fcgt \u00fcber eine fachliche Ausbildung, Studienabschl\u00fcsse oder berufliche Vorerfahrung im pflegerischen Bereich. H\u00e4ufig liegen jedoch keinerlei schriftliche Unterlagen vor, die im Rahmen eines Anerkennungsverfahrens eingebracht werden k\u00f6nnten.<\/p>\n<\/p>\n<p>&#8220; front_src=&#8220;https:\/\/euconev.de\/wp-content\/uploads\/2021\/06\/Fo\u0308rderformel_MBQ_RAW_korrigiert-scaled.jpg&#8220; front_background_color=&#8220;#00a0b9&#8243; back_title=&#8220;Care International&#8220; back_body=&#8220;<\/p>\n<p>Das Projekt wird daher ein Verfahren f\u00fcr die Kompetenzfeststellung in diesem beruflichen Bereich entwickeln und Richtlinien zur praktischen Umsetzung vorbereiten. Fester Praxispartner ist der kommunale Altenheimtr\u00e4ger M\u00fcnchenstift gGmbH.<\/p>\n<p>&#8220; back_src=&#8220;https:\/\/euconev.de\/wp-content\/uploads\/2021\/06\/georg-arthur-pflueger-eO_JhqabBY0-unsplash-scaled.jpg&#8220; back_background_color=&#8220;#00a0b9&#8243; content_max_width=&#8220;604px&#8220; box_height=&#8220;447px&#8220; flip_card_3d_effect=&#8220;on&#8220; _builder_version=&#8220;4.16&#8243; _module_preset=&#8220;default&#8220; header-front_level=&#8220;h3&#8243; header-front_font=&#8220;Roboto|700|||||||&#8220; header-front_text_color=&#8220;#ffbf3e&#8220; header-front_font_size=&#8220;14px&#8220; header-back_level=&#8220;h2&#8243; header-back_font=&#8220;Poppins||||||||&#8220; header-back_text_color=&#8220;#ffbf3e&#8220; front-body_font=&#8220;Roboto||||||||&#8220; front-body_text_color=&#8220;#FFFFFF&#8220; front-body_line_height=&#8220;1em&#8220; back-body_font=&#8220;Roboto||||||||&#8220; back-body_text_color=&#8220;#FFFFFF&#8220; back-body_line_height=&#8220;1em&#8220; custom_margin=&#8220;0px||||false|false&#8220; custom_padding=&#8220;0px||||false|false&#8220; global_colors_info=&#8220;{}&#8220;][\/lwp_divi_flipbox][\/et_pb_column][\/et_pb_row][et_pb_row column_structure=&#8220;1_2,1_2&#8243; _builder_version=&#8220;4.16&#8243; _module_preset=&#8220;default&#8220; global_colors_info=&#8220;{}&#8220;][et_pb_column type=&#8220;1_2&#8243; _builder_version=&#8220;4.16&#8243; _module_preset=&#8220;default&#8220; global_colors_info=&#8220;{}&#8220;][\/et_pb_column][et_pb_column type=&#8220;1_2&#8243; _builder_version=&#8220;4.16&#8243; _module_preset=&#8220;default&#8220; global_colors_info=&#8220;{}&#8220;][\/et_pb_column][\/et_pb_row][et_pb_row _builder_version=&#8220;4.16&#8243; _module_preset=&#8220;default&#8220; custom_margin=&#8220;80px||||false|false&#8220; global_colors_info=&#8220;{}&#8220;][et_pb_column type=&#8220;4_4&#8243; _builder_version=&#8220;4.16&#8243; _module_preset=&#8220;default&#8220; global_colors_info=&#8220;{}&#8220;][et_pb_text _builder_version=&#8220;4.16&#8243; _module_preset=&#8220;default&#8220; global_colors_info=&#8220;{}&#8220;]<\/p>\n<h1 style=\"text-align: center;\"><strong>Wir werden gef\u00f6rdert von:<\/strong><\/h1>\n<p>[\/et_pb_text][\/et_pb_column][\/et_pb_row][et_pb_row column_structure=&#8220;1_5,1_5,1_5,1_5,1_5&#8243; _builder_version=&#8220;4.16&#8243; _module_preset=&#8220;default&#8220; global_colors_info=&#8220;{}&#8220;][et_pb_column type=&#8220;1_5&#8243; _builder_version=&#8220;4.16&#8243; _module_preset=&#8220;default&#8220; global_colors_info=&#8220;{}&#8220;][et_pb_image src=&#8220;https:\/\/euconev.de\/wp-content\/uploads\/2021\/06\/D-S-E-E_Logo.png&#8220; title_text=&#8220;D-S-E-E_Logo&#8220; _builder_version=&#8220;4.16&#8243; _module_preset=&#8220;default&#8220; global_colors_info=&#8220;{}&#8220;][\/et_pb_image][\/et_pb_column][et_pb_column type=&#8220;1_5&#8243; _builder_version=&#8220;4.16&#8243; _module_preset=&#8220;default&#8220; global_colors_info=&#8220;{}&#8220;][et_pb_image src=&#8220;https:\/\/euconev.de\/wp-content\/uploads\/2021\/06\/logo-solidaritaetskorps.png&#8220; title_text=&#8220;logo-solidaritaetskorps&#8220; _builder_version=&#8220;4.16&#8243; _module_preset=&#8220;default&#8220; global_colors_info=&#8220;{}&#8220;][\/et_pb_image][\/et_pb_column][et_pb_column type=&#8220;1_5&#8243; _builder_version=&#8220;4.16&#8243; _module_preset=&#8220;default&#8220; global_colors_info=&#8220;{}&#8220;][et_pb_image src=&#8220;https:\/\/euconev.de\/wp-content\/uploads\/2021\/06\/Fo\u0308rderformel_MBQ_RAW_korrigiert-scaled.jpg&#8220; title_text=&#8220;Fo\u0308rderformel_MBQ_RAW_korrigiert&#8220; _builder_version=&#8220;4.16&#8243; _module_preset=&#8220;default&#8220; global_colors_info=&#8220;{}&#8220;][\/et_pb_image][\/et_pb_column][et_pb_column type=&#8220;1_5&#8243; _builder_version=&#8220;4.16&#8243; _module_preset=&#8220;default&#8220; global_colors_info=&#8220;{}&#8220;][et_pb_image src=&#8220;https:\/\/euconev.de\/wp-content\/uploads\/2021\/06\/logo_LIVELEARNING_FINAL_blau.png&#8220; title_text=&#8220;logo_LIVELEARNING_FINAL_blau&#8220; _builder_version=&#8220;4.16&#8243; _module_preset=&#8220;default&#8220; global_colors_info=&#8220;{}&#8220;][\/et_pb_image][\/et_pb_column][et_pb_column type=&#8220;1_5&#8243; _builder_version=&#8220;4.16&#8243; _module_preset=&#8220;default&#8220; global_colors_info=&#8220;{}&#8220;][et_pb_image src=&#8220;https:\/\/euconev.de\/wp-content\/uploads\/2021\/06\/logo-erasmusplus.png&#8220; title_text=&#8220;logo-erasmusplus&#8220; _builder_version=&#8220;4.16&#8243; _module_preset=&#8220;default&#8220; global_colors_info=&#8220;{}&#8220;][\/et_pb_image][\/et_pb_column][\/et_pb_row][\/et_pb_section][et_pb_section fb_built=&#8220;1&#8243; _builder_version=&#8220;4.16&#8243; _module_preset=&#8220;default&#8220; da_disable_devices=&#8220;off|off|off&#8220; global_colors_info=&#8220;{}&#8220; da_is_popup=&#8220;off&#8220; da_exit_intent=&#8220;off&#8220; da_has_close=&#8220;on&#8220; da_alt_close=&#8220;off&#8220; da_dark_close=&#8220;off&#8220; da_not_modal=&#8220;on&#8220; da_is_singular=&#8220;off&#8220; da_with_loader=&#8220;off&#8220; da_has_shadow=&#8220;on&#8220;][\/et_pb_section]<\/p>\n","protected":false},"excerpt":{"rendered":"<p>Photo by Redd on UnsplashBildung f\u00fcr Alle Bildung liegt uns besonders am Herzen und als Experten wissen wir um die Vera\u0308nderungen, die jetzt auf uns zu kommen. Unsere Bildungssysteme mu\u0308ssen sich o\u0308ffnen, wie alles sich o\u0308ffnen muss, um die Impulse von au\u00dfen aufzunehmen und mit der Welt au\u00dferhalb in einen konstruktiven und kontinuierlichen Austausch zu [&hellip;]<\/p>\n","protected":false},"author":1,"featured_media":0,"parent":0,"menu_order":0,"comment_status":"closed","ping_status":"closed","template":"","meta":{"_et_pb_use_builder":"on","_et_pb_old_content":"","_et_gb_content_width":""},"_links":{"self":[{"href":"https:\/\/euconev.de\/index.php\/wp-json\/wp\/v2\/pages\/96"}],"collection":[{"href":"https:\/\/euconev.de\/index.php\/wp-json\/wp\/v2\/pages"}],"about":[{"href":"https:\/\/euconev.de\/index.php\/wp-json\/wp\/v2\/types\/page"}],"author":[{"embeddable":true,"href":"https:\/\/euconev.de\/index.php\/wp-json\/wp\/v2\/users\/1"}],"replies":[{"embeddable":true,"href":"https:\/\/euconev.de\/index.php\/wp-json\/wp\/v2\/comments?post=96"}],"version-history":[{"count":111,"href":"https:\/\/euconev.de\/index.php\/wp-json\/wp\/v2\/pages\/96\/revisions"}],"predecessor-version":[{"id":237710,"href":"https:\/\/euconev.de\/index.php\/wp-json\/wp\/v2\/pages\/96\/revisions\/237710"}],"wp:attachment":[{"href":"https:\/\/euconev.de\/index.php\/wp-json\/wp\/v2\/media?parent=96"}],"curies":[{"name":"wp","href":"https:\/\/api.w.org\/{rel}","templated":true}]}}