{"id":237097,"date":"2021-06-15T09:25:47","date_gmt":"2021-06-15T09:25:47","guid":{"rendered":"https:\/\/euconev.de\/?page_id=237097"},"modified":"2023-08-12T12:28:00","modified_gmt":"2023-08-12T13:28:00","slug":"maharar","status":"publish","type":"page","link":"https:\/\/euconev.de\/index.php\/maharar\/","title":{"rendered":"Mahara"},"content":{"rendered":"<p>[et_pb_section fb_built=&#8220;1&#8243; _builder_version=&#8220;4.16&#8243; _module_preset=&#8220;default&#8220; global_colors_info=&#8220;{}&#8220; da_is_popup=&#8220;off&#8220; da_exit_intent=&#8220;off&#8220; da_has_close=&#8220;on&#8220; da_alt_close=&#8220;off&#8220; da_dark_close=&#8220;off&#8220; da_not_modal=&#8220;on&#8220; da_is_singular=&#8220;off&#8220; da_with_loader=&#8220;off&#8220; da_has_shadow=&#8220;on&#8220; da_disable_devices=&#8220;off|off|off&#8220;][et_pb_row column_structure=&#8220;2_5,3_5&#8243; _builder_version=&#8220;4.16&#8243; _module_preset=&#8220;default&#8220; global_colors_info=&#8220;{}&#8220;][et_pb_column type=&#8220;2_5&#8243; _builder_version=&#8220;4.16&#8243; _module_preset=&#8220;default&#8220; global_colors_info=&#8220;{}&#8220;][et_pb_image src=&#8220;https:\/\/euconev.de\/wp-content\/uploads\/2021\/06\/virtual-conference-22.png&#8220; title_text=&#8220;virtual-conference-22&#8243; _builder_version=&#8220;4.16&#8243; _module_preset=&#8220;default&#8220; global_colors_info=&#8220;{}&#8220;][\/et_pb_image][\/et_pb_column][et_pb_column type=&#8220;3_5&#8243; _builder_version=&#8220;4.16&#8243; _module_preset=&#8220;default&#8220; global_colors_info=&#8220;{}&#8220;][et_pb_text _builder_version=&#8220;4.16&#8243; _module_preset=&#8220;default&#8220; global_colors_info=&#8220;{}&#8220;]<\/p>\n<h2>Lebensbegleitendes Lernen<\/h2>\n<p>&nbsp;<\/p>\n<p>Von dem Philosophen Karl Popper stammt der Satz &#8222;Es gibt kein Leben ohne Lernen&#8220;. Lernen ist nach Spitzer ein Grundbed\u00fcrfnis wie Essen und Trinken. Wir lernen demnach ohnehin unser ganzes Leben. Warum also wird lebenslanges oder Lebensbegleitendes Lernen heute so betont und hervorgehoben?<\/p>\n<p>Weil es dabei um das strukturierte Lernen geht, das Verarbeiten von Erfahrungen ebenso wie das Lernen in vorgegebenen Formen wie Kursen, Workshops oder Schulen.<\/p>\n<p>Das Problem: Die geordnete Dokumentation dessen, was wir gelernt haben. Die Erinnerung verblasst schnell und Unterlagen gehen im Lauf der Zeit verloren oder sind schwer wiederzufinden.<\/p>\n<p>Genau hier helfen die digitalen Tools. Sie machen die Dokumentation nicht nur einfacher, sie erlauben auch durch eine Volltextsuche auch das wieder hervorzuholen, was nur noch bruchst\u00fcckhaft in Erinnerung geblieben ist.<\/p>\n<p>Aus der Dokumentation entsteht dann das, was Peter Baumg\u00e4rtner als &#8222;Schaufenster des Lernens&#8220; bezeichnet hat. Eine \u00dcbersicht \u00fcber die eigene Entwicklung, \u00fcber eigene Schwerpunkte und auch \u00fcber Vorlieben und Talente. Anders ausgedr\u00fcckt: ein Portfolio bestehend aus Qualifikationen, Zertifikaten der Weiterbildung, beruflichen und privaten Erfahrungen und die ganze Vielfalt informell erworbenen Wissens.<\/p>\n<p>Die daf\u00fcr notwendige digitale Struktur bietet uns Mahara.<\/p>\n<p>Wenn Sie sich daf\u00fcr interessieren, nehmen Sie mit uns Kontakt auf, dann k\u00f6nnen wir eine virtuelle F\u00fchrung durch unser Mahara planen.<\/p>\n<p>&nbsp;<\/p>\n<p>[\/et_pb_text][et_pb_button button_url=&#8220;@ET-DC@eyJkeW5hbWljIjp0cnVlLCJjb250ZW50IjoicG9zdF9tZXRhX2tleSIsInNldHRpbmdzIjp7ImJlZm9yZSI6IiIsImFmdGVyIjoiIiwibWV0YV9rZXkiOiJwb3B1cCIsImVuYWJsZV9odG1sIjoib2ZmIn19@&#8220; button_text=&#8220;Klicks&#8220; _builder_version=&#8220;4.16&#8243; _dynamic_attributes=&#8220;button_url&#8220; _module_preset=&#8220;default&#8220; global_colors_info=&#8220;{}&#8220;][\/et_pb_button][\/et_pb_column][\/et_pb_row][\/et_pb_section]<\/p>\n","protected":false},"excerpt":{"rendered":"<p>Lebensbegleitendes Lernen &nbsp; Von dem Philosophen Karl Popper stammt der Satz &#8222;Es gibt kein Leben ohne Lernen&#8220;. Lernen ist nach Spitzer ein Grundbed\u00fcrfnis wie Essen und Trinken. Wir lernen demnach ohnehin unser ganzes Leben. Warum also wird lebenslanges oder Lebensbegleitendes Lernen heute so betont und hervorgehoben? Weil es dabei um das strukturierte Lernen geht, das [&hellip;]<\/p>\n","protected":false},"author":1,"featured_media":0,"parent":0,"menu_order":0,"comment_status":"closed","ping_status":"closed","template":"","meta":{"_et_pb_use_builder":"on","_et_pb_old_content":"","_et_gb_content_width":""},"_links":{"self":[{"href":"https:\/\/euconev.de\/index.php\/wp-json\/wp\/v2\/pages\/237097"}],"collection":[{"href":"https:\/\/euconev.de\/index.php\/wp-json\/wp\/v2\/pages"}],"about":[{"href":"https:\/\/euconev.de\/index.php\/wp-json\/wp\/v2\/types\/page"}],"author":[{"embeddable":true,"href":"https:\/\/euconev.de\/index.php\/wp-json\/wp\/v2\/users\/1"}],"replies":[{"embeddable":true,"href":"https:\/\/euconev.de\/index.php\/wp-json\/wp\/v2\/comments?post=237097"}],"version-history":[{"count":5,"href":"https:\/\/euconev.de\/index.php\/wp-json\/wp\/v2\/pages\/237097\/revisions"}],"predecessor-version":[{"id":237693,"href":"https:\/\/euconev.de\/index.php\/wp-json\/wp\/v2\/pages\/237097\/revisions\/237693"}],"wp:attachment":[{"href":"https:\/\/euconev.de\/index.php\/wp-json\/wp\/v2\/media?parent=237097"}],"curies":[{"name":"wp","href":"https:\/\/api.w.org\/{rel}","templated":true}]}}